{"id":20,"date":"2021-01-26T09:23:11","date_gmt":"2021-01-26T09:23:11","guid":{"rendered":"http:\/\/s407050575.online.de\/?page_id=20"},"modified":"2021-01-27T19:03:45","modified_gmt":"2021-01-27T19:03:45","slug":"impressum","status":"publish","type":"page","link":"https:\/\/www.steuerbuero-burkhardt.de\/?page_id=20","title":{"rendered":"Impressum"},"content":{"rendered":"\n<div class=\"wp-block-columns is-layout-flex wp-container-core-columns-is-layout-9d6595d7 wp-block-columns-is-layout-flex\">\n<div class=\"wp-block-column is-layout-flow wp-block-column-is-layout-flow\">\n<p><strong>Sybille Burkhardt<br><\/strong>Diplom-Kauffrau<br>Steuerberaterin<br>Spitalstrasse 8<br>77971 Kippenheim<br>Tel. 07825 \/ 2021<br>Fax 07825 \/ 2026<br><a href=\"mailto:info@steuerbuero-burkhardt.de\">info@steuerbuero-burkhardt.de<\/a><br><a href=\"http:\/\/www.steuerbuero-burkhadt.de\" target=\"_blank\" rel=\"noreferrer noopener\">www.steuerbuero-burkhardt.de<\/a><\/p>\n<\/div>\n\n\n\n<div class=\"wp-block-column is-layout-flow wp-block-column-is-layout-flow\">\n<p>Zust\u00e4ndige Aufsichtsbeh\u00f6rde:<br>Steuerberaterkammer S\u00fcdbaden<br>Wentzingerstr. 17-19<br>79106 Freiburg<br>Zust\u00e4ndige Kammer:<br>Steuerberaterkammer S\u00fcdbaden<br>Wentzingerstr. 17-19<br>79106 Freiburg<\/p>\n<\/div>\n<\/div>\n\n\n\n<table><tbody><tr><td>Berufsbezeichnung: Steuerberaterin (verliehen in der Bundesrepublik Deutschland)<br>Ust-Id Nr gem\u00e4\u00df \u00a7 27a Umsatzsteuergesetz: DE 230983762<br><strong><span style=\"color:#104f6f\" class=\"has-inline-color\">Datenschutzbeauftragter<\/span><\/strong><br>EMail: datenschutz@steuerbuero-burkhardt.de Tel 07825 \/ 87 77 71<br>Berufsrechtliche Regelungen:<br>&#8211; Steuerberatungsgesetz (StBerG)<br>&#8211; Durchf\u00fchrungsverordnung zum Steuerberatungsgesetz (DVStB)<br>&#8211; Berufsordnung f\u00fcr Steuerberater (BOStB)<br>&#8211; Steuerberaterverg\u00fctungsverordnung (StVV)<br>Die Regelungen k\u00f6nnen bei der Bundessteuerberaterkammer unter <a rel=\"noreferrer noopener\" href=\"http:\/\/www.bstbk.de\" target=\"_blank\"><br>www.bstbk.de<\/a> &#8211; Berufsrecht &#8211; Downloads eingesehen werden.<br><strong>Haftungshinweis:<\/strong> <br>Trotz sorgf\u00e4ltiger inhaltlicher Kontrolle \u00fcbernehmen wir keine Haftung f\u00fcr die Inhalte externer Links. F\u00fcr den Inhalt der verlinkten Seiten sind ausschlie\u00dflich deren Betreiber verantwortlich.<\/td><\/tr><\/tbody><\/table>\n","protected":false},"excerpt":{"rendered":"<p>Sybille BurkhardtDiplom-KauffrauSteuerberaterinSpitalstrasse 877971 KippenheimTel. 07825 \/ 2021Fax 07825 \/ 2026info@steuerbuero-burkhardt.dewww.steuerbuero-burkhardt.de Zust\u00e4ndige Aufsichtsbeh\u00f6rde:Steuerberaterkammer S\u00fcdbadenWentzingerstr. 17-1979106 FreiburgZust\u00e4ndige Kammer:Steuerberaterkammer S\u00fcdbadenWentzingerstr. 17-1979106 Freiburg Berufsbezeichnung: Steuerberaterin (verliehen in der Bundesrepublik Deutschland)Ust-Id Nr gem\u00e4\u00df \u00a7 27a Umsatzsteuergesetz: DE 230983762DatenschutzbeauftragterEMail: datenschutz@steuerbuero-burkhardt.de Tel 07825 \/ 87 77 71Berufsrechtliche &hellip; <a href=\"https:\/\/www.steuerbuero-burkhardt.de\/?page_id=20\">Weiterlesen <span class=\"meta-nav\">&rarr;<\/span><\/a><\/p>\n","protected":false},"author":1,"featured_media":0,"parent":0,"menu_order":0,"comment_status":"closed","ping_status":"closed","template":"sidebar-page.php","meta":{"footnotes":""},"class_list":["post-20","page","type-page","status-publish","hentry"],"_links":{"self":[{"href":"https:\/\/www.steuerbuero-burkhardt.de\/index.php?rest_route=\/wp\/v2\/pages\/20","targetHints":{"allow":["GET"]}}],"collection":[{"href":"https:\/\/www.steuerbuero-burkhardt.de\/index.php?rest_route=\/wp\/v2\/pages"}],"about":[{"href":"https:\/\/www.steuerbuero-burkhardt.de\/index.php?rest_route=\/wp\/v2\/types\/page"}],"author":[{"embeddable":true,"href":"https:\/\/www.steuerbuero-burkhardt.de\/index.php?rest_route=\/wp\/v2\/users\/1"}],"replies":[{"embeddable":true,"href":"https:\/\/www.steuerbuero-burkhardt.de\/index.php?rest_route=%2Fwp%2Fv2%2Fcomments&post=20"}],"version-history":[{"count":7,"href":"https:\/\/www.steuerbuero-burkhardt.de\/index.php?rest_route=\/wp\/v2\/pages\/20\/revisions"}],"predecessor-version":[{"id":206,"href":"https:\/\/www.steuerbuero-burkhardt.de\/index.php?rest_route=\/wp\/v2\/pages\/20\/revisions\/206"}],"wp:attachment":[{"href":"https:\/\/www.steuerbuero-burkhardt.de\/index.php?rest_route=%2Fwp%2Fv2%2Fmedia&parent=20"}],"curies":[{"name":"wp","href":"https:\/\/api.w.org\/{rel}","templated":true}]}}